, what is -374 - -322?
-52
In base 3, what is 202001 + 2201?
211202
In base 2, what is -100100000 - -1010?
-100010110
In base 13, what is -262c8 + 12?
-262b6
In base 2, what is 1001010111 + 100010?
1001111001
In base 5, what is -2244 - 313?
-3112
In base 7, what is -2 + -300236?
-300241
In base 15, what is 3 + 3d5a?
3d5d
In base 3, what is 0 + 102022221?
102022221
In base 3, what is -20 + -100100210?
-100101000
In base 13, what is -2 + 3600?
35cb
In base 7, what is 1302 + 421?
2023
In base 9, what is -17111 - 71?
-17182
In base 2, what is 11000010101 + -1000000001?
10000010100
In base 14, what is -5 - -12920?
12919
In base 11, what is 3061 - 1?
3060
In base 7, what is 210 + -232?
-22
In base 14, what is -3 - ac64?
-ac67
In base 12, what is -23242a - -3?
-232427
In base 10, what is 0 - 4754?
-4754
In base 13, what is -ba6 - 25c?
-1135
In base 11, what is -a99 - -10a?
-98a
In base 13, what is 119 - 5535?
-5419
In base 3, what is -21022 - -101202200?
101111101
In base 2, what is -1000 + 1001110101111001?
1001110101110001
In base 4, what is 1031 + -230333?
-223302
In base 5, what is 1141 + -143?
443
In base 16, what is 3f84 + -5?
3f7f
In base 5, what is 1344210 + -112?
1344043
In base 9, what is -6002 + 2?
-6000
In base 11, what is 0 + 8a3a49?
8a3a49
In base 10, what is -5910 - -42?
-5868
In base 9, what is -27152 + 4?
-27147
In base 15, what is -76 + 7054?
6ecd
In base 5, what is -43 + -3333?
-3431
In base 7, what is -2 - 52315?
-52320
In base 11, what is 66a + 25?
694
In base 15, what is 1 + 1623a?
1623b
In base 3, what is -102222110122 + 1?
-102222110121
In base 5, what is 21 - 34322103?
-34322032
In base 13, what is -3 - 1229?
-122c
In base 14, what is -346 - 0?
-346
In base 3, what is -11020 - -211022?
200002
In base 9, what is -8 - 56356?
-56365
In base 5, what is -43231 - 314?
-44100
In base 14, what is 1c5 - -a6b?
c52
In base 7, what is -1 + -6126055?
-6126056
In base 2, what is 1010 + -1010100111100?
-1010100110010
In base 8, what is 3 + -40065?
-40062
In base 15, what is 1 + 241c?
241d
In base 8, what is -73 - 142163?
-142256
In base 8, what is 25500 - -2?
25502
In base 14, what is 2 + 4342?
4344
In base 3, what is -102012 + 11201?
-20111
In base 6, what is 5 - 11354524?
-11354515
In base 8, what is 17 - 3427?
-3410
In base 8, what is 4427763 - 4?
4427757
In base 7, what is 43065 + -3?
43062
In base 13, what is -c513 + 0?
-c513
In base 9, what is -20104 - -1?
-20103
In base 3, what is 22110222 + 112000?
22222222
In base 6, what is -2 + 1230200?
1230154
In base 2, what is -1100101110 - -1110101?
-1010111001
In base 4, what is 3112223 - 0?
3112223
In base 3, what is 12 + 222112010?
222112022
In base 12, what is 43 - 57b?
-538
In base 11, what is 50 - -889?
929
In base 15, what is -6ce6 - -9?
-6cdc
In base 11, what is 146 + 1767?
1902
In base 8, what is 2217445 - -5?
2217452
In base 2, what is 1011110 + 10000111?
11100101
In base 8, what is -360144 - -15?
-360127
In base 3, what is 21210 + -20111?
1022
In base 11, what is -5 + 604?
5aa
In base 4, what is 11 + 13300120?
13300131
In base 6, what is 245304 - 4?
245300
In base 12, what is 6a164 - 4?
6a160
In base 8, what is 1150220 + -17?
1150201
In base 13, what is 39 - -20a?
246
In base 12, what is 44a - 16?
434
In base 15, what is b7 + -5c?
5a
In base 2, what is -111100 - 100001101001100?
-100001110001000
In base 10, what is 875733 + 1?
875734
In base 9, what is -45154 - 10?
-45164
In base 3, what is 11112222222110 + -1?
11112222222102
In base 2, what is -11110 - -11001001001011?
11001000101101
In base 2, what is 10111110 - 1000000111?
-101001001
In base 10, what is -6 + 3230?
3224
In base 13, what is -1845b7 + -1?
-1845b8
In base 14, what is -1b + 31a?
2dd
In base 16, what is -1 - -ee34f?
ee34e
In base 2, what is 10000101001000001 - -101?
10000101001000110
In base 3, what is -10 + -20120110221?
-20120111001
In base 15, what is 14 + 35?
49
In base 12, what is 1956 - 231?
1725
In base 2, what is 11111011111001 - 110101?
11111011000100
In base 10, what is -10 - 7464?
-7474
In base 9, what is 27 + -155130?
-155102
In base 10, what is 52639 - -5?
52644
In base 15, what is d29 - 7?
d22
In base 7, what is -2 - -46465?
46463
In base 2, what is 10010010 + -11111010?
-1101000
In base 8, what is -5123 + 252?
-4651
In base 12, what is -2116052 - -2?
-2116050
In base 4, what is -1201 + -10110?
-11311
In base 13, what is 2 - 14073?
-14071
In base 10, what is 1301928 - 0?
1301928
In base 6, what is -252 + -340?
-1032
In base 14, what is 44301 + 5?
44306
In base 11, what is -7a38 - -64?
-7984
In base 13, what is 5 + 4a675?
4a67a
In base 7, what is -1121 - -152?
-636
In base 4, what is -13 + -1101022?
-1101101
In base 14, what is -36 - -48?
12
In base 3, what is 1001021 - -2102?
1010200
In base 4, what is -1 - -10202001?
10202000
In base 5, what is 42020401 + -10?
42020341
In base 6, what is 5243440 - -3?
5243443
In base 7, what is 23464 + -206?
23255
In base 11, what is -3a6 - -31?
-375
In base 3, what is -120 - 100020022111?
-100020100001
In base 13, what is -1 - -13c766?
13c765
In base 4, what is 23 - -111221100?
111221123
In base 10, what is 2 - -62436?
62438
In base 4, what is -2122212 - -330?
-2121222
In base 15, what is -10319 - -3?
-10316
In base 12, what is 3 - -5023b?
50242
In base 10, what is 146774 - -2?
146776
In base 5, what is 11332100 + -1?
11332044
In base 16, what is -24 + 2bb5?
2b91
In base 16, what is 2 + 5dd91?
5dd93
In base 13, what is 0 + 13541?
13541
In base 10, what is -6869 - -324?
-6545
In base 6, what is -15010333 - 5?
-15010342
In base 5, what is -213324 + 1344?
-211430
In base 13, what is ca5 - 44?
c61
In base 15, what is -1 + 2c69b?
2c69a
In base 6, what is 3 - 345143?
-345140
In base 10, what is -5 - 222031?
-222036
In base 5, what is -1413 + 1042?
-321
In base 13, what is -17ca + 1c?
-17ab
In base 14, what is 5620a - -1?
5620b
In base 10, what is -794 + 479?
-315
In base 14, what is c69 + -26c?
9db
In base 6, what is 41 + 534313?
534354
In base 10, what is 5 + -56345?
-56340
In base 9, what is -1503 + -1831?
-3434
In base 16, what is a4fd + 2?
a4ff
In base 15, what is -19 - -62d6?
62bc
In base 13, what is 12b - -4815?
4943
In base 7, what is 22124422 - 4?
22124415
In base 8, what is 63726 - 5?
63721
In base 13, what is -4 + 8278?
8274
In base 14, what is -1c3 - 1b2?
-395
In base 16, what is b6 - -2f3?
3a9
In base 13, what is -5 + 2c6b4?
2c6ac
In base 5, what is 10224 + 4232?
20011
In base 9, what is -14337 - 5?
-14343
In base 4, what is -3223100 - 10002?
-3233102
In base 7, what is -6 + -4533346?
-4533355
In base 14, what is 20 - a313?
-a2d3
In base 10, what is 157 - 637?
-480
In base 14, what is 8 - 32d54?
-32d4a
In base 5, what is -2 + -24210023?
-24210030
In base 6, what is 1 - 555012?
-555011
In base 12, what is -960a + 5?
-9605
In base 2, what is -1 + 1010100110010111010?
1010100110010111001
In base 5, what is -234 + -32311?
-33100
In base 8, what is 137321 + -2?
137317
In base 16, what is 1d458b + 0?
1d458b
In base 9, what is -60316 + 26?
-60280
In base 14, what is -656 + 6b?
-5c9
In base 10, what is 47 + -25490?
-25443
In base 10, what is -4 - 310157?
-310161
In base 14, what is -52 + 2c63?
2c11
In base 2, what is -1001101011110001111 + 11?
-1001101011110001100
In base 7, what is 14 + 123524?
123541
In base 13, what is 1 - -3b1?
3b2
In base 16, what is -ca - 1b?
-e5
In base 14, what is -5 - -14160d?
141608
In base 10, what is -1342424 - 5?
-1342429
In base 2, what is 1101 + -10101101100111?
-10101101011010
In base 12, what is -2 + 3246?
3244
In base 4, what is 3 + -21120120?
-21120111
In base 15, what is 129d - -2?
12a0
In base 14, what is -2 + 42c3?
42c1
In base 8, what is 76261 - 37?
76222
In base 14, what is -6470 + 2d?
-6441
In base 2, what is -100010111001101110 - -100?
-100010111001101010
In base 6, what is 42044 - -30?
42114
In base 14, what is -4 + -8900?
-8904
In base 15, what is -5 - 1d11?
-1d16
In base 6, what is -21 + 524433?
524412
In base 14, what is 5 - -1c9a5?
1c9aa
In base 13, what is 16063 + -1?
16062
In base 14, what is 5314d - 6?
53147
In base 5, what is -14440243 - 4?
-14440302
In base 6, what is 332 - -2011?
2343
In base 4, what is 11333 - -2111?
20110
In base 10, what is -446 - 2543?
-2989
In base 16, what is -5 - -312e?
3129
In base 8, wha